alse
Is 321120509 prime?
False
Is 296004757 a composite number?
True
Is 360156127753 prime?
True
Is 10231483051 a composite number?
True
Is 8798610697 a composite number?
True
Is 8645973641 a composite number?
True
Is 940548223 a prime number?
False
Is 7499718947 prime?
False
Is 144753472069 prime?
True
Is 7983963451 a composite number?
False
Is 14151589579 composite?
True
Is 1142037277 a prime number?
True
Is 12416513237 a composite number?
False
Is 8962729729 a composite number?
False
Is 275235229 composite?
False
Is 4327574929 composite?
False
Is 171386710751 a prime number?
True
Is 3703114159 composite?
True
Is 1377357279 a composite number?
True
Is 505375669 a composite number?
True
Is 3649609409 prime?
True
Is 427754287 composite?
False
Is 45458737277 a composite number?
True
Is 1348161379 prime?
False
Is 1570932019 a composite number?
True
Is 9749103899 a composite number?
False
Is 4040361365 composite?
True
Is 2049013843 a prime number?
True
Is 20657908907 a prime number?
False
Is 2172926941 prime?
False
Is 115070514313 prime?
True
Is 1737709549 a prime number?
False
Is 17104570415 a composite number?
True
Is 6952975495 composite?
True
Is 615092077 a composite number?
False
Is 326412731 prime?
True
Is 1081489945 a prime number?
False
Is 75745771 a composite number?
True
Is 105983082197 a prime number?
False
Is 847691021 prime?
False
Is 24791168729 a prime number?
True
Is 16469205617 composite?
True
Is 25698659489 prime?
False
Is 15214264757 a prime number?
True
Is 2975313541 composite?
True
Is 3228944393 composite?
True
Is 326226553 composite?
False
Is 93474361573 prime?
True
Is 46686137 a composite number?
False
Is 41016116153 composite?
False
Is 160607927 composite?
True
Is 148578282563 a composite number?
False
Is 758799733 a composite number?
True
Is 40938743 composite?
True
Is 3134772161 prime?
True
Is 49531345459 a prime number?
True
Is 2358635803 a composite number?
False
Is 5185292353 composite?
True
Is 9121983223 composite?
True
Is 26635660759 prime?
True
Is 4030746379 a composite number?
True
Is 13451740921 a prime number?
False
Is 4876138391 a prime number?
False
Is 3421809019 a composite number?
False
Is 21872641237 a prime number?
False
Is 3156766979 prime?
True
Is 8002120589 composite?
False
Is 60099858271 a prime number?
True
Is 614596729 composite?
False
Is 783340213 prime?
False
Is 1140471763 a composite number?
True
Is 13647748321 a prime number?
False
Is 62915953 a prime number?
True
Is 6047616079 composite?
True
Is 11817296347 a composite number?
True
Is 4568741647 composite?
False
Is 1088807 prime?
True
Is 158110953893 prime?
False
Is 8556523193 a prime number?
True
Is 2899965314 prime?
False
Is 109808533 a prime number?
True
Is 22285918733 composite?
True
Is 269082899 a composite number?
False
Is 844759603 composite?
False
Is 85676574101 prime?
False
Is 7714323697 composite?
True
Is 17129646433 prime?
False
Is 98523628699 a prime number?
False
Is 28940558327 a prime number?
False
Is 14220912439 composite?
True
Is 22351842143 a composite number?
False
Is 2426918353 prime?
False
Is 2542847579 composite?
False
Is 2634090047 prime?
True
Is 24739416707 prime?
False
Is 1064890559 a prime number?
True
Is 9612037731 prime?
False
Is 4731389831 a prime number?
False
Is 892072381 a prime number?
False
Is 15916154899 a composite number?
True
Is 497933707 composite?
True
Is 178240991 prime?
True
Is 966121973 a prime number?
True
Is 491567513 prime?
True
Is 81771119 composite?
True
Is 248611813 a prime number?
False
Is 16215215 prime?
False
Is 289131487 prime?
True
Is 30875440943 a prime number?
True
Is 159840095893 a prime number?
False
Is 625981841 prime?
True
Is 2262941713 prime?
False
Is 6546178973 a prime number?
True
Is 104573436259 a prime number?
False
Is 780378479 a prime number?
True
Is 51228353 prime?
False
Is 547646023 a prime number?
True
Is 1836617 composite?
True
Is 7202930353 a prime number?
False
Is 78617720627 a prime number?
True
Is 13606288141 a composite number?
False
Is 47147505401 prime?
False
Is 8589696527 composite?
True
Is 4686196603 a prime number?
False
Is 7567102331 prime?
False
Is 29240039927 composite?
True
Is 32684434871 a prime number?
False
Is 11133343855 a composite number?
True
Is 1135571573 prime?
True
Is 737129759 a prime number?
True
Is 650522063 a composite number?
False
Is 27495406397 composite?
True
Is 304505659 prime?
False
Is 3538394889 composite?
True
Is 29692535641 a composite number?
False
Is 81961998949 composite?
False
Is 428462051 prime?
True
Is 8685530003 prime?
True
Is 2850167081 a composite number?
True
Is 459569645 composite?
True
Is 12327734147 composite?
True
Is 117136027 a prime number?
True
Is 1029846911 composite?
True
Is 3456025721 composite?
True
Is 10913284073 a composite number?
True
Is 6788420939 composite?
False
Is 96193681613 a prime number?
False
Is 4560976697 a composite number?
False
Is 25243295951 prime?
True
Is 317626367 composite?
False
Is 280659497 a prime number?
True
Is 32716282993 prime?
False
Is 23245795949 prime?
True
Is 1522830707 a prime number?
False
Is 180019605079 composite?
False
Is 1553607665 prime?
False
Is 10573865129 prime?
True
Is 569393533 a composite number?
False
Is 529398431 prime?
True
Is 3278841599 a prime number?
False
Is 19898068835 a prime number?
False
Is 96681755 composite?
True
Is 52577189359 a prime number?
False
Is 531959621 a composite number?
True
Is 147360679 a composite number?
False
Is 2250028117 a composite number?
False
Is 13278539 composite?
True
Is 6458578759 a prime number?
False
Is 140424125797 a prime number?
False
Is 2655839839 a composite number?
False
Is 5654341571 prime?
True
Is 21732920661 a prime number?
False
Is 6507492773 prime?
False
Is 462841853 composite?
True
Is 6121288259 prime?
True
Is 560154431 prime?
True
Is 338898809 composite?
False
Is 119393071277 composite?
True
Is 57553489897 a composite number?
True
Is 26889139469 prime?
True
Is 28752463 prime?
True
Is 39150447769 prime?
False
Is 22583361707 a prime number?
False
Is 2263319369 composite?
False
Is 1776424009 a prime number?
False
Is 620630093621 composite?
False
Is 157074229849 a prime number?
True
Is 270676339 a composite number?
False
Is 639095603 composite?
True
Is 61370801 prime?
True
Is 554058719 composite?
False
Is 124752011689 prime?
True
Is 414865063 a composite number?
False
Is 3494718151 prime?
True
Is 3527698313 a prime number?
False
Is 575048401 a composite number?
True
Is 21629486243 a composite number?
False
Is 2148160799 a composite number?
True
Is 114572919 prime?
False
Is 46893263414 a prime number?
False
Is 83885115829 prime?
False
Is 56050019 a prime number?
False
Is 86497755493 prime?
False
Is 25174969 a composite number?
False
Is 1069646641 prime?
False
Is 6676218289 a prime number?
False
Is 7055101951 prime?
True
Is 978645611 composite?
True
Is 18044950013 composite?
False
Is 32828087449 composite?
True
Is 285976211 composite?
False
Is 2073760597 prime?
True
Is 67184712791 prime?
False
Is 3681702893 a composite number?
True
Is 61039411 a composite number?
True
Is 60136601011 a prime number?
True
Is 109131583 composite?
True
Is 2838404977 a composite number?
True
Is 14729663831 prime?
True
Is 420989761 a composite number?
False
Is 43422175847 prime?
False
Is 9470445067 composite?
False
Is 9826828301 composite?
False
Is 2150796863 composite?
False
Is 1073660099 prime?
True
Is 42117795883 a prime number?
True
Is 8367089051 a composite number?
False
Is 7976523977 prime?
False
Is 7791052849 prime?
True
Is 4105078867 a prime number?
False
Is 3134700001 a prime number?
False
Is 277920593 prime?
True
Is 83193201505 a composite number?
True
Is 584673017 a prime number?
True
Is 1939208291 a prime number?
True
Is 16571418761 prime?
True
Is 1744336619 a prime number?
True
Is 104381283701 composite?
False
Is 102821177629 a prime number?
True
Is 91697431897 composite?
False
Is 186868349 composite?
False
Is 433118953 composite?
False
Is 114554452739 prime?
True
Is 345482741 composite?
False
Is 1429537391 a composite number?
True
Is 32581652119 composite?
True
Is 4211713253 prime?
False
Is 24573125417 prime?
False
Is 2894608501 a composite number?
False
Is 13984279867 prime?
True
Is 557259643 prime?
False
Is 1361222887 a composite nu